rue
Let b be 4/4 - 1*9. Is (-54)/b - (-1)/4 prime?
True
Suppose 2*h - 5*z - 4227 = 0, h - 527 - 1599 = 5*z. Is h composite?
True
Suppose -3*h = 4*t + 1, 4*t - 4*h - 14 = -2*h. Suppose 5*l - 3*r = 782, 0 = -3*r - 8 - 4. Suppose 0 = t*a - 4*a + l. Is a prime?
False
Suppose 26 = 2*g + 8. Is g prime?
False
Suppose 0 = -6*v - 353 + 7847. Is v composite?
False
Suppose -4*o + 14 = -2*o. Is o prime?
True
Let v(n) = -15*n**3 - 2*n**2 - n. Let g be v(-1). Suppose k = -b + 46, b + 109 = 2*k + g. Is k a prime number?
True
Suppose -4*m = -5*z + 216, -5*z + m = -127 - 77. Suppose p - z = 45. Let q = p + -50. Is q a prime number?
False
Let n be 406/(-49) + 2/7. Let y(d) = 3*d**2 + 9*d + 11. Is y(n) composite?
False
Suppose 10*j - 32221 = 16389. Is j a composite number?
False
Suppose -j + 33 + 73 = 0. Let l = j + -75. Is l composite?
False
Let d = 65 + -106. Let x = 106 + d. Is x a prime number?
False
Suppose -2*u - 4 = -x, 3*x - 7 = -3*u + 5. Suppose -3*j + 91 = x*c, -j - 14 + 49 = -c. Is j a prime number?
False
Let b(g) = -g**2 + 1 + 3*g + 4*g**3 - 4*g + 0*g**2. Let m be b(1). Suppose 2*x + 25 = r, m*r = 2*x - 7*x + 108. Is r composite?
False
Let o = 16 - 11. Suppose -121 = o*r - 476. Suppose u - 5*m - 43 = -u, 0 = 4*u - 5*m - r. Is u composite?
True
Let g = 239 + -142. Is g prime?
True
Let s = 4625 + -3015. Suppose -r = 5*i - s, 4*r = i + r - 306. Is i a prime number?
False
Let c be (0 - 57)/((-3)/(-16)). Let f = -177 - c. Is f composite?
False
Let q(i) = -2*i**3 + i**2 - 4*i - 3. Let b(x) = 5*x**3 - x. Let n = 6 - 7. Let y be b(n). Is q(y) composite?
False
Suppose -4*q + 1004 = -0*q. Is q composite?
False
Suppose -2*w = 3*w - 25. Suppose 5*m = -k - 0*m + 53, w*k - 289 = -m. Is k composite?
True
Let u be 0/4 + (1 - -3). Let y be 0 - (-2 - 0) - -1. Is -2*(y - 194/u) composite?
True
Let w be (-12)/9*(-6)/4. Suppose -i - 13 = -w*t - 44, 3*t - 6 = 0. Suppose 2*z - 35 = -3*j, -3*z = 3*j - 2*j - i. Is z prime?
False
Suppose -1 = 2*b - 27. Let l = 59 - b. Is l composite?
True
Suppose 0 = -o - 2*g + 109 + 27, -g = 5*o - 671. Suppose 5*b - 6 = o. Suppose -3*a + 5 + b = 0. Is a prime?
True
Let s(x) = 3030*x**2 - 2*x + 1. Is s(1) prime?
False
Let c = 56 + -116. Is (c/18)/((-2)/177) a composite number?
True
Let l = -902 + 1575. Is l a prime number?
True
Let x(a) = a - 5. Let r(u) = u. Let c be r(5). Let v be x(c). Suppose v = j + j - 190. Is j a composite number?
True
Let d(m) = -6*m**3 - m**2 + m. Suppose 3*s + 6 + 3 = -3*f, 4*s = -5*f - 16. Let u be d(s). Is (-56)/u + (-2)/(-3) prime?
False
Suppose 4*n - 235 = -6*f + 3*f, 4*n + f - 225 = 0. Is n composite?
True
Let v be ((-3)/(-2))/((-9)/(-12)). Suppose -4*b + 3*a = -17, b - v*a - 8 = -b. Suppose 76 + 39 = b*q. Is q prime?
True
Let o(a) = -24*a - 2. Let r be o(3). Let i = 137 - r. Is i composite?
False
Let n(x) = -5*x**3 - 7*x**2 + 6*x + 13. Is n(-7) prime?
False
Let l be 27/(-45) + 47/(-5). Is (-2)/(-2) - 19*l a prime number?
True
Let w(f) = 7*f + 1. Let v be w(1). Is (-585)/(-2) - v/(-16) a prime number?
True
Let p(o) = -3*o**3 + 30*o**2 - 4*o + 15. Let h(f) = 4*f**3 - 45*f**2 + 6*f - 22. Let k(v) = 5*h(v) + 7*p(v). Is k(-16) composite?
True
Let o = 8 - 5. Suppose o*t = 4*t. Is (-9)/9*(t + -237) composite?
True
Is 74*((-49)/(-2) - 4) composite?
True
Let k = -66 - -175. Is k a composite number?
False
Suppose 0 = -3*v - 2*v + 365. Let j be ((-2)/2)/(4/152). Let o = v + j. Is o prime?
False
Let t be 27/(-6) + (-1)/(-2). Is (211/t)/((-1)/4) a prime number?
True
Suppose -5*z + 384 = -2*z. Suppose 4*p = 20 + z. Is p composite?
False
Suppose 0 = -5*a + 2*h + 3*h + 1855, -4*a = -5*h - 1484. Is a a prime number?
False
Let l = 33 + 46. Is l prime?
True
Suppose -4*c = -c + 3*p + 138, -5*p = 3*c + 138. Let r = 245 + c. Is r a prime number?
True
Let n be (-3 - 0/1)*-1. Let t = n - 4. Is 1*215 + 1 + t prime?
False
Let a be 8/5 + 2/5. Let x be -2 - (2 + -12*1). Is (-492)/(-16) + a/x a prime number?
True
Let n(x) = -x**2 - 12*x + 9. Let g be n(-13). Is (-8)/(-16) - 594/g composite?
False
Let h = 7542 - 5209. Is h a composite number?
False
Let x = -2 + 5. Is x a prime number?
True
Let s = 1701 - 908. Is s a composite number?
True
Let k = -7 - -11. Suppose 3*d - k*m - 206 = 0, 4*d + m - 223 = -4*m. Is d prime?
False
Suppose 0 = 3*z - 5*t - 28, 0*t - 32 = -3*z + t. Let m = 18 - z. Suppose b - m = 5*q - q, 4*b - 3*q - 28 = 0. Is b a composite number?
False
Let s be -1 + (-4 - 0 - -582). Let r = s - -1222. Is r prime?
False
Suppose -2*b - 3*o = -5317, o + 0 = 1. Is b a prime number?
True
Let r be -4 + 1 - (-2)/1. Let v be r/(-3*1/(-15)). Let q = 14 + v. Is q composite?
True
Let u = 5 - -18. Is (u/(-2))/(9/(-198)) a composite number?
True
Let l(n) = 43*n. Let x = -10 + 11. Is l(x) prime?
True
Is (-22)/((-2)/19 + 0) a composite number?
True
Suppose -r = r. Let u = r - -21. Is u prime?
False
Suppose 27 = 5*a - 13. Suppose -q + 1 = -a. Is q prime?
False
Let u(i) = i - 3. Let x be u(5). Suppose m = x*k - 3*k + 7, -8 = -4*m + k. Is 106 + (0 + m)*1 prime?
True
Suppose 0*y - y = 0. Suppose 5*x + p - 630 = 0, x - 6*x - 3*p + 620 = y. Is x composite?
False
Let d = 11 + -1. Let j = d - 7. Suppose 2*a = j*a - 25. Is a a composite number?
True
Suppose -5*d + 25 = 0, 4*v + d = 4*d + 461. Is v a prime number?
False
Let s be (-2)/(-12) + 38/(-12). Is (s - -1)/((-4)/50) composite?
True
Suppose 5*r - p = -84, p + 20 = -r + 2*p. Let a = 4 + r. Is ((-15)/a)/((-1)/(-52)) a composite number?
True
Let h = -44 - -18. Let p = 79 + h. Is p prime?
True
Let l(f) be the second derivative of -f**5/20 - f**4/3 + f**3/2 - 5*f**2/2 - f. Let n be l(-5). Suppose 0 = 5*k - y - 706, n*y + 4 = -1. Is k prime?
False
Suppose v + 0*v - 899 = -5*o, 4*v = -4. Let h = -53 + o. Is h prime?
True
Let z be -2*2/(-12)*6. Suppose -z*o = -3*o + 51. Is o prime?
False
Is ((-356)/(-6))/((-2)/(-3)) a composite number?
False
Let p = -2 + 2. Suppose p = -3*u + 9 + 6. Suppose 0 = o - 5*o + u*n + 205, 5*n + 95 = 2*o. Is o a prime number?
False
Suppose 4*r - 5*h = -41, -4*r - 2*h - 43 + 9 = 0. Let q(x) = x**3 + 7*x**2 + 6*x + 4. Let k be q(r). Is -1 - -1 - (k - -1) a prime number?
True
Suppose -a + 7 = 1. Let h(u) = -u**2 - 6*u - 8. Let w be h(-4). Suppose 5*o - b - 34 = w, o - b - a - 4 = 0. Is o composite?
True
Let b(k) = -6 - 2*k + 0 + 3. Let a be b(-3). Is ((-2 + a)*-94)/(-2) composite?
False
Let a(o) be the third derivative of -1/12*o**4 - 1/6*o**3 + 31/60*o**5 + 0*o + 2*o**2 + 0. Is a(-2) composite?
False
Suppose 4*z = 3*y + 332 + 67, 0 = 3*z - 2*y - 299. Suppose -57 = -a - 4*x, 2*a - x - 15 - z = 0. Is a prime?
False
Let z(v) = 3*v - 11. Suppose -2*s + 22 = 6. Is z(s) a composite number?
False
Let w = 0 + 0. Suppose w = -4*r - 40 - 0. Is (-1220)/(-25) + (-2)/r a prime number?
False
Suppose -3*f = -5*v + 1510, 3*v - f - 1500 = -2*v. Is v a composite number?
True
Suppose o = -g - 3*o + 203, -g + o = -203. Is g a composite number?
True
Suppose 0 = 5*p - 3*p + 16. Let d be 4*((-2)/p + 1). Suppose 0 = -z - 5, -d*n = 3*z - 206 - 164. Is n composite?
True
Suppose 0 = 6*o - 2*o - 884. Is o a prime number?
False
Let s(i) = -i**3 + 3*i - 1. Let r be s(-3). Suppose a + r = 2*a + 2*o, -5*a - 5*o = -100. Is a a composite number?
False
Suppose 3*j = -5*i + 10772, 0 = 2*i - j - j - 4312. Is i a prime number?
False
Let r(d) = d**3 - 4*d**2 - 7*d + 4. Let v be r(5). Is 4/v - (-77)/3 prime?
False
Let m = -127 - -196. Let w = m - 114. Is (-125)/w + (-2)/(-9) a composite number?
False
Let a = 237 - 128. Is a composite?
False
Suppose -5*g = -2*j - 19537, -g + 5*j - 3902 = -2*g. Is g prime?
True
Suppose -3*q - 2*n + 2310 = -5*n, 2*q = n + 1539. Is q a composite number?
False
Let c(d) = -3 + 2*d - d**3 + 20*d + 15*d**2 + 1. Is c(16) a prime number?
False
Suppose 26 = 2*d - 4*o, 2*d - 8 = d + 3*o. Let z be 6/15 + 22/(-5). Let y = d + z. Is y prime?
True
Let g be -5 + 2 - (0 + -3). Suppose g = 5*b - 36 - 139. Is b composite?
True
Let i = 40 - -174. Suppose -o = i - 593. Is o a composite number?
False
Let o = 129 - 210. Is 4 + (-2)/(6/o) a composite number?
False
Suppose 7 - 31 = 4*y. Let v(b) = 5*b - 3. Let m(h) = -6*h + 3. Let s(l) = -4*m(l) - 5*v(l). Is s(y) composite?
True
Suppose 4 - 7 = -t. Suppose -t*o = x - 1192, -5*x = 3*o - x - 1195. Is o a prime number?
True
Let i(g) = -3*g - 1. Let q be i(-2). S